n 181 is divided by 46.
43
What is the remainder when 6201 is divided by 24?
9
What is the remainder when 145 is divided by 44?
13
Calculate the remainder when 372 is divided by 337.
35
What is the remainder when 71 is divided by 18?
17
Calculate the remainder when 430 is divided by 147.
136
What is the remainder when 1348 is divided by 10?
8
What is the remainder when 1678 is divided by 9?
4
Calculate the remainder when 608 is divided by 99.
14
What is the remainder when 163 is divided by 21?
16
What is the remainder when 836 is divided by 413?
10
What is the remainder when 215 is divided by 9?
8
Calculate the remainder when 8594 is divided by 2148.
2
What is the remainder when 101 is divided by 37?
27
What is the remainder when 1256 is divided by 37?
35
Calculate the remainder when 4191 is divided by 8.
7
Calculate the remainder when 88 is divided by 2.
0
What is the remainder when 1847 is divided by 56?
55
What is the remainder when 3844 is divided by 148?
144
What is the remainder when 387 is divided by 15?
12
Calculate the remainder when 51 is divided by 19.
13
What is the remainder when 137 is divided by 18?
11
Calculate the remainder when 68 is divided by 34.
0
What is the remainder when 49085 is divided by 104?
101
Calculate the remainder when 432 is divided by 89.
76
Calculate the remainder when 2183 is divided by 14.
13
What is the remainder when 19 is divided by 16?
3
Calculate the remainder when 1010 is divided by 110.
20
What is the remainder when 145 is divided by 2?
1
Calculate the remainder when 57 is divided by 21.
15
Calculate the remainder when 3056 is divided by 36.
32
Calculate the remainder when 2565 is divided by 853.
6
Calculate the remainder when 45 is divided by 18.
9
What is the remainder when 3067 is divided by 33?
31
What is the remainder when 271 is divided by 257?
14
What is the remainder when 1007 is divided by 48?
47
What is the remainder when 2660 is divided by 141?
122
What is the remainder when 665 is divided by 38?
19
Calculate the remainder when 30 is divided by 9.
3
What is the remainder when 38 is divided by 34?
4
Calculate the remainder when 964 is divided by 21.
19
What is the remainder when 307 is divided by 130?
47
What is the remainder when 354 is divided by 36?
30
What is the remainder when 1814 is divided by 379?
298
Calculate the remainder when 277 is divided by 20.
17
Calculate the remainder when 1534 is divided by 129.
115
What is the remainder when 113 is divided by 25?
13
Calculate the remainder when 2950 is divided by 42.
10
Calculate the remainder when 351 is divided by 112.
15
What is the remainder when 4957 is divided by 87?
85
Calculate the remainder when 587 is divided by 16.
11
What is the remainder when 47 is divided by 42?
5
What is the remainder when 214 is divided by 7?
4
What is the remainder when 1400 is divided by 291?
236
What is the remainder when 31 is divided by 28?
3
What is the remainder when 1273 is divided by 25?
23
Calculate the remainder when 812 is divided by 67.
8
What is the remainder when 117 is divided by 5?
2
What is the remainder when 107 is divided by 22?
19
Calculate the remainder when 24 is divided by 14.
10
What is the remainder when 34 is divided by 25?
9
Calculate the remainder when 587 is divided by 28.
27
Calculate the remainder when 70 is divided by 12.
10
What is the remainder when 484 is divided by 27?
25
What is the remainder when 177 is divided by 7?
2
What is the remainder when 1488 is divided by 4?
0
What is the remainder when 57 is divided by 18?
3
Calculate the remainder when 382 is divided by 77.
74
What is the remainder when 406 is divided by 97?
18
What is the remainder when 664 is divided by 106?
28
What is the remainder when 1917 is divided by 107?
98
Calculate the remainder when 4927 is divided by 88.
87
Calculate the remainder when 76 is divided by 28.
20
What is the remainder when 3340 is divided by 6?
4
Calculate the remainder when 491 is divided by 362.
129
Calculate the remainder when 80 is divided by 7.
3
Calculate the remainder when 5669 is divided by 107.
105
Calculate the remainder when 60 is divided by 14.
4
What is the remainder when 363 is divided by 63?
48
What is the remainder when 1264 is divided by 157?
8
What is the remainder when 4781 is divided by 240?
221
What is the remainder when 77 is divided by 16?
13
What is the remainder when 397 is divided by 46?
29
What is the remainder when 324 is divided by 100?
24
Calculate the remainder when 65 is divided by 39.
26
Calculate the remainder when 38275 is divided by 10.
5
What is the remainder when 2799 is divided by 140?
139
What is the remainder when 33 is divided by 15?
3
Calculate the remainder when 1288 is divided by 20.
8
What is the remainder when 2295 is divided by 41?
40
Calculate the remainder when 759 is divided by 51.
45
What is the remainder when 559 is divided by 22?
9
What is the remainder when 502 is divided by 21?
19
Calculate the remainder when 6500 is divided by 11.
10
Calculate the remainder when 208 is divided by 67.
7
What is the remainder when 1804 is divided by 451?
0
Calculate the remainder when 890 is divided by 23.
16
Calculate the remainder when 323 is divided by 25.
23
What is the remainder when 83 is divided by 8?
3
Calculate the remainder when 1714 is divided by 210.
34
Calculate the remainder when 285 is divided by 95.
0
Calculate the remainder when 226 is divided by 13.
5
What is the remainder when 821 is divided by 812?
9
What is the remainder when 303 is divided by 95?
18
Calculate the remainder when 85 is divided by 44.
41
Calculate the remainder when 105 is divided by 5.
0
Calculate the remainder when 1464 is divided by 17.
2
What is the remainder when 81 is divided by 42?
39
Calculate the remainder when 1926 is divided by 634.
24
What is the remainder when 11166 is divided by 74?
66
What is the remainder when 688 is divided by 138?
136
What is the remainder when 72 is divided by 72?
0
What is the remainder when 5456 is divided by 12?
8
Calculate the remainder when 82 is divided by 14.
12
Calculate the remainder when 2297 is divided by 46.
43
What is the remainder when 483 is divided by 55?
43
What is the remainder when 7 is divided by 6?
1
Calculate the remainder when 266 is divided by 51.
11
What is the remainder when 206 is divided by 66?
8
What is the remainder when 87 is divided by 44?
43
Calculate the remainder when 177 is divided by 17.
7
What is the remainder when 105 is divided by 16?
9
What is the remainder when 78 is divided by 5?
3
Calculate the remainder when 2123 is divided by 28.
23
What is the remainder when 269 is divided by 48?
29
Calculate the remainder when 552 is divided by 189.
174
Calculate the remainder when 401 is divided by 141.
119
What is the remainder when 213 is divided by 87?
39
Calculate the remainder when 21 is divided by 3.
0
What is the remainder when 2480 is divided by 207?
203
What is the remainder when 157 is divided by 44?
25
What is the remainder when 126 is divided by 8?
6
Calculate the remainder when 79 is divided by 10.
9
Calculate the remainder when 668 is divided by 142.
100
Calculate the remainder when 1613 is divided by 30.
23
Calculate the remainder when 124 is divided by 35.
19
What is the remainder when 107 is divided by 9?
8
What is the remainder when 147 is divided by 77?
70
What is the remainder when 35 is divided by 3?
2
Calculate the remainder when 75 is divided by 7.
5
What is the remainder when 399 is divided by 40?
39
Calculate the remainder when 69 is divided by 24.
21
What is the remainder when 11307 is divided by 11?
10
Calculate the remainder when 14192 is divided by 42.
38
What is the remainder when 4038 is divided by 94?
90
What is the remainder when 249 is divided by 7?
4
Calculate the remainder when 6622 is divided by 12.
10
What is the remainder when 214 is divided by 74?
66
Calculate the remainder when 335 is divided by 57.
50
What is the remainder when 195 is divided by 11?
8
What is the remainder when 335 is divided by 6?
5
What is the remainder when 14637 is divided by 12?
9
Calculate the remainder when 10189 is divided by 56.
53
What is the remainder when 269 is divided by 46?
39
Calculate the remainder when 1723 is divided by 69.
67
Calculate the remainder when 562